{"id":59,"date":"2022-03-18T11:47:38","date_gmt":"2022-03-18T14:47:38","guid":{"rendered":"https:\/\/eleicoes.local\/crp08\/?page_id=59"},"modified":"2025-06-18T12:38:27","modified_gmt":"2025-06-18T15:38:27","slug":"chapas","status":"publish","type":"page","link":"https:\/\/eleicoespsicologia.org.br\/crp05\/chapas\/","title":{"rendered":"Chapas"},"content":{"rendered":"\n<p><strong>Este ano, apenas uma chapa se inscreveu para as elei\u00e7\u00f5es do CRP-RJ. Portanto, conhe\u00e7a abaixo a chapa \u00fanica concorrente \u00e0 gest\u00e3o 2022-2025 do CRP-RJ<\/strong><\/p>\n\n\n\n<p>CHAPA 11 &#8211; \u00c9TICA E DEMOCRACIA EM DEFESA DA PSICOLOGIA<\/p>\n\n\n\n<figure class=\"wp-block-image size-full\"><img loading=\"lazy\" decoding=\"async\" width=\"612\" height=\"536\" src=\"https:\/\/eleicoespsicologia.org.br\/crp05\/wp-content\/uploads\/sites\/9\/2022\/08\/IMAGEM-CHAPA.png\" alt=\"\" class=\"wp-image-194\" srcset=\"https:\/\/eleicoespsicologia.org.br\/crp05\/wp-content\/uploads\/sites\/9\/2022\/08\/IMAGEM-CHAPA.png 612w, https:\/\/eleicoespsicologia.org.br\/crp05\/wp-content\/uploads\/sites\/9\/2022\/08\/IMAGEM-CHAPA-300x263.png 300w\" sizes=\"auto, (max-width: 612px) 100vw, 612px\" \/><\/figure>\n\n\n\n<p>QUEM SOMOS N\u00d3S?<\/p>\n\n\n\n<p>Em 2004, o Movimento \u00c9tica e Compromisso Social (ECS) come\u00e7a ser composto por Psic\u00f3logas(os) e estudantes de Psicologia do Estado do Rio de Janeiro.<\/p>\n\n\n\n<p>O ECS tem por princ\u00edpio a promo\u00e7\u00e3o de uma Psicologia comprometida com a \u00c9tica Profissional, a Declara\u00e7\u00e3o Universal dos Direitos Humanos, a valoriza\u00e7\u00e3o das(os) Psic\u00f3logas(os), condi\u00e7\u00f5es de trabalho e remunera\u00e7\u00e3o dignas \u00e0s Psic\u00f3logas(os).<\/p>\n\n\n\n<p>Em dezembro de 2018, foi criada a Frente em Defesa da Psicologia Brasileira: por uma Psicologia democr\u00e1tica e justa. O ECS comp\u00f5e a Frente e, em 2019 concorreu e venceu as elei\u00e7\u00f5es para o XVI Plen\u00e1rio (2019-2022) do CRP-RJ.<\/p>\n\n\n\n<p>O desafio do atual Plen\u00e1rio foi a constru\u00e7\u00e3o de novos modos de atendimento para a categoria durante a pandemia. Defendemos o fortalecimento do di\u00e1logo com a categoria quanto \u00e0 inser\u00e7\u00e3o \u00e9tico-pol\u00edtica da Psicologia na Mobilida de Urbana e Tr\u00e2nsito, no Esporte, nas Emerg\u00eancias e Desastres, no Sistema Prisional, na Justi\u00e7a, nas Institui\u00e7\u00f5es de Ensino Superior (IES), nas Organiza\u00e7\u00f5es e Trabalho, na Sa\u00fade, na media\u00e7\u00e3o de conflitos, nos programas de AIDS, na Assist\u00eancia Social, nos Servi\u00e7os Substitutivos da Sa\u00fade Mental, na Aten\u00e7\u00e3o Hospitalar, na Educa\u00e7\u00e3o, na Sa\u00fade Suplementar e na pr\u00e1tica da Psicoterapia.<br>Em 2022, mantemos a articula\u00e7\u00e3o e apoio \u00e0 Frente em Defesa da Psicologia Brasileira, e apresentamos a CHAPA 11 &#8211; \u00c9TICA E DEMOCRACIA EM DEFESA DA PSICOLOGIA.<\/p>\n\n\n\n<p><\/p>\n\n\n\n<p>Instagram:<br>@eticanocrprj<br>Facebook:<br>http:\/\/www.facebook.com\/eticanocrprj<br>Site:<br>https:\/\/www.chapaeticacrp05.com\/<\/p>\n\n\n\n<p><\/p>\n\n\n\n<p><\/p>\n\n\n\n<h2 class=\"wp-block-heading\">QUEM SOMOS<\/h2>\n\n\n\n<p>C\u00c9U SILVA CAVALCANTI<br>(CRP 05\/57816)<br>Doutoranda em Psicologia (UFRJ). Integra a Diretoria Nacional da Associa\u00e7\u00e3o Brasileira de Psicologia Social (Abrapso), a Articula\u00e7\u00e3o Nacional de Psicologues Trans (ANP Trans). Conselheira do XVI Plen\u00e1rio CRP-RJ.<\/p>\n\n\n\n<p><\/p>\n\n\n\n<p>\u00c1GNES CRISTINA DA SILVA PALA<br>(CRP 05\/32409)<br>Doutoranda em Ci\u00eancias do Cuidado em Sa\u00fade (UFF), Professora e Supervisora de Est\u00e1gio em  aseinsanalyse (Famath). Colaboradora do XVI Plen\u00e1rio CRP-RJ.<\/p>\n\n\n\n<p>ALEXANDRE VASILENSKAS GIL<br>(CRP 05\/30741)<br>Doutor em Sa\u00fade Coletiva (IMS\/UERJ). Psic\u00f3logo concursado da Prefeitura Municipal de Maca\u00e9. Conselheiro do XVI Plen\u00e1rio CRP-RJ.<\/p>\n\n\n\n<p>ALFREDO ASSUN\u00c7\u00c3O MATOS<br>(CRP 05\/60474)<br>Doutor em Psicologia (UFRJ). Pesquisador convidado do Centro de Estudos sobre Tabaco e Sa\u00fade (CETAB) (ENSP\/FIOCRUZ). Orientador em colabora\u00e7\u00e3o Internacional da Universidade Eduardo Mondlane (Mo\u00e7ambique). Colaborador no XVI Plen\u00e1rio.<\/p>\n\n\n\n<p>CARLA CRISTINA SILVESTRE MEIRELLES DE CASTRO (CRP 05\/42300)<br>P\u00f3s-graduada em Psicomotricidade (UCAM) e p\u00f3s-graduanda em Terapia Cognitiva-Comportamental (PUC-PR). Psic\u00f3loga do SUS. Colaboradora da Comiss\u00e3o Gestora da Subsede Norte-Noroeste Fluminense no XVI Plen\u00e1rio.<\/p>\n\n\n\n<p>CONCEI\u00c7\u00c3O DE MARIA GAMA CARVALHO<br>MATHIAS (CRP 05\/39882)<br>Graduada pela UNESA. Psic\u00f3loga cl\u00ednica. Conselheira e Coordenadora da Comiss\u00e3o Gestora da Subsede Norte-Noroeste Fluminense no XVI Plen\u00e1rio.<\/p>\n\n\n\n<p>CIDIANE VAZ MELO (CRP 05\/36295)<br>Professora da UFF &#8211; Rio das Ostras. Doutora em Psicologia Cl\u00ednica (PUC-Rio). Especializa\u00e7\u00e3o na modalidade Resid\u00eancia em Psicologia Cl\u00ednico-Institucional pelo HUPE\/IP\/UERJ.<\/p>\n\n\n\n<p>CLAUDIA SIM\u00d5ES CARVALHO<br>(CRP 05\/30182)<br>Especialista em Psicologia Jur\u00eddica (UERJ) e Gest\u00e3o em Sa\u00fade (IMS\/UERJ). Psic\u00f3loga do SUAS. Coordenadora da Prote\u00e7\u00e3o Social Especial de Alta Complexidade \/ Secretaria de Estado de Desenvolvimento Social e Direitos Humanos. Conselheira do XVI Plen\u00e1rio.<\/p>\n\n\n\n<p>ERIKA BARBOSA DE ARA\u00daJO<br>(CRP 05\/50040)<br>Mestra em Psicologia (UFRRJ), Psic\u00f3loga na Prefeitura Municipal de Nova Igua\u00e7u. Coordenadora e Professora do Curso de Psicologia \u2013 UNESA (Nova Igua\u00e7u). Coordenadora da Comiss\u00e3o Gestora da Subsede Baixada Fluminense no XVI Plen\u00e1rio.<\/p>\n\n\n\n<p>FABIANA MELLO PAES BARRETO<br>(CRP 05\/31755)<br>Mestranda em Sa\u00fade P\u00fablica e Especialista em Direitos Humanos, Sa\u00fade, Acessibilidade e Inclus\u00e3o (ENSP\/Fiocruz), onde atua como docente convidada no Departamento Direitos Humanos e Sa\u00fade. Colaboradora do XVI Plen\u00e1rio.<\/p>\n\n\n\n<p>FILIPE DEGANI CARNEIRO<br>(CRP 05\/46254)<br>Doutor em Psicologia Social (UERJ). Professor do IP\/UERJ, pesquisador do Laborat\u00f3rio de Hist\u00f3ria e Mem\u00f3ria da Psicologia Clio-Psych\u00e9. Vice-presidente da Sociedade Brasileira de Hist\u00f3ria da Psicologia (SBHP). Colaborador do XVI Plen\u00e1rio.<\/p>\n\n\n\n<p>FRANCYNE DOS SANTOS ANDRADE<br>(CRP 05\/55825)<br>Mestranda em Psicologia Social (UERJ). Psic\u00f3loga cl\u00ednica e ativista do Movimento de Educa\u00e7\u00e3o e Organiza\u00e7\u00e3o Popular. Colaboradora da Comiss\u00e3o Gestora da Subsede da Regi\u00e3o Serrana no XVI Plen\u00e1rio.<\/p>\n\n\n\n<p>ISABEL SCRIVANO MARTINS SANTA<br>B\u00c1RBARA (CRP 05\/26162)<br>Doutora em Psicologia (UFRJ). T\u00e9cnica em Assuntos Educacionais do IFRJ. Conselheira do XVI Plen\u00e1rio.<\/p>\n\n\n\n<p>JORGE ANTONIO TAVARES PEIXOTO<br>(CRP 05\/44215)<br>Doutorando em Psicologia (UFRJ). Psic\u00f3logo Cl\u00ednico. Profissional com atua\u00e7\u00e3o na Pol\u00edtica Municipal do SUAS e Coordenador-geral da Organiza\u00e7\u00e3o da Sociedade Civil AMPARA em Queimados. Colaborador do XVI Plen\u00e1rio.<\/p>\n\n\n\n<p>JULIA HORTA NASSER<br>(CRP 05\/33796)<br>Doutoranda em Alimenta\u00e7\u00e3o, Nutri\u00e7\u00e3o e Sa\u00fade (INU\/UERJ). Psic\u00f3loga Cl\u00ednica. Conselheira do XVI Plen\u00e1rio.<\/p>\n\n\n\n<p>JULIANA GABRIEL PEREIRA<br>(CRP 05\/29063)<br>Mestre em Media\u00e7\u00e3o e Negocia\u00e7\u00e3o de Conflitos pela APEP &#8211; Maestr\u00eda Latinoamericana Postgrado Asociaci\u00f3n Civil &#8211; IUKB, Institut Universitaire Kurt Bosch, Buenos Aires, Argentina. S\u00f3cia-Diretora da C\u00e2mara de Media\u00e7\u00e3o, Concilia\u00e7\u00e3o e Arbitragem \u2013 Aequitas. Psic\u00f3loga cl\u00ednica. Colaboradora do XVI Plen\u00e1rio.<\/p>\n\n\n\n<p>LUCAS GONZAGA DO NASCIMENTO<br>(CRP 05\/49596)<br>Mestre em Psicologia Social (UERJ). Professor do curso de Psicologia da Unigranrio. Colaborador do XVI Plen\u00e1rio.<\/p>\n\n\n\n<p>LUISA BERTRAMI D&#8217;ANGELO<br>(CRP 05\/54879)<br>Doutora em Psicologia Social (UERJ). Trabalha com sistema prisional, justi\u00e7a, g\u00eanero e sexualidade. Colaboradora do XVI Plen\u00e1rio.<\/p>\n\n\n\n<p>MA\u00cdRA AMARAL DE ANDRADE<br>(CRP 05\/32352)<br>P\u00f3s-graduada em Gest\u00e3o Estrat\u00e9gica de Pessoas (UNESA). Diretora e Respons\u00e1vel t\u00e9cnica do N\u00facleo Integrado de Desenvolvimento Humano (NIDH). Atua com Avalia\u00e7\u00e3o Psicol\u00f3gica em diversos contextos. Colaboradora do XVI Plen\u00e1rio.<\/p>\n\n\n\n<p>MATHEUS BRANCO LEAL<br>(CRP 05\/55287)<br>Especialista em Sa\u00fade P\u00fablica e Sa\u00fade da Fam\u00edlia (ENSP\/Fiocruz). Psic\u00f3logo na Aten\u00e7\u00e3o B\u00e1sica do Munic\u00edpio do Rio de Janeiro. Colaborador do XVI Plen\u00e1rio.<\/p>\n\n\n\n<p>MAYCON DA SILVA PEREIRA<br>(CRP 05\/57178).<br>P\u00f3s-Graduando em Inclus\u00e3o da Pessoa com Defici\u00eancia (PUC-Rio). Psic\u00f3logo da Secretaria de Desenvolvimento Social, Trabalho e Renda de Arma\u00e7\u00e3o dos B\u00fazios. Colaborador<br>no XVI Plen\u00e1rio.<\/p>\n\n\n\n<p>MICAEL JAYME CASARIN CASTAGNA<br>(CRP 05\/55269)<br>Mestre em Psicologia (UFRJ). Psic\u00f3logo clinico e mediador escolar. Colaborador do XVI Plen\u00e1rio.<\/p>\n\n\n\n<p>NILTON NUNES J\u00daNIOR<br>(CRP 05\/41715)<br>P\u00f3s-graduando em G\u00eanero e Sexualidade (FAVENI). Graduado (UFRJ). Psicanalista. Pesquisador de Racialidade, Sexualidade e G\u00eanero.<\/p>\n\n\n\n<p>ROG\u00c9RIA CRISTINA DE AZEVEDO VILLARINHO FRANCISQUINI<br>(CRP 05\/37069)<br>P\u00f3s-graduada em Depend\u00eancia Qu\u00edmica e Transtornos Compulsivos (USS), G\u00eanero e Sexualidade (IMS\/UERJ) e Planejamento e Gest\u00e3o de Pol\u00edticas Sociais (UNIFOA). Psic\u00f3loga cl\u00ednica e do SUAS (Engenheiro Paulo de Frontin e Mendes). Colaboradora da Comiss\u00e3o Gestora do Sul Fluminense no XVI Plen\u00e1rio.<\/p>\n\n\n\n<p>TIAGO DA SILVA CABRAL<br>(CRP 05\/39728)<br>Especialista em Doc\u00eancia no Ensino Superior (UCDB). Psic\u00f3logo cl\u00ednico e social. Professor, escritor independente e divulgador nas redes sociais dos impactos da psicologia preta na sa\u00fade coletiva. Colaborador da Comiss\u00e3o Gestora do Sul Fluminense no XVI Plen\u00e1rio.<\/p>\n\n\n\n<p>THA\u00cdS VARGAS MENEZES<br>(CRP 05\/33228)<br>Doutoranda em Psicologia Social (UERJ). Psic\u00f3loga da Secretaria Municipal de Assist\u00eancia Social de Itagua\u00ed e do Departamento Geral de A\u00e7\u00f5es Socioeducativas (DEGASE). Conselheira do XVI Plen\u00e1rio.<\/p>\n\n\n\n<p>THIAGO DA ROCHA DIONIZIO<br>RODRIGUES (CRP 05\/50505) <br>Mestre em Desenvolvimento Territorial e Pol\u00edticas P\u00fablicas (PPGDT-UFRRJ). Colaborador da Comiss\u00e3o Gestora da Subsede Baixada Fluminense no XVI Plen\u00e1rio.<\/p>\n\n\n\n<p>VANESSA SILVEIRA DE BRITO<br>(CRP 05\/28830)<br>Doutoranda em Mem\u00f3ria Social (UNIRIO). Professora da FEBF\/ UERJ. Trabalhadora do SUAS. Colaboradora no XVI Plen\u00e1rio.<\/p>\n\n\n\n<p>VICTORIA ANTONIETA TAPIA GUTI\u00c9RREZ<br>(CRP 05\/20157)<br>Especialista em Terapia de Fam\u00edlia e p\u00f3s-graduanda em Atendimento ao Usu\u00e1rio de \u00c1lcool e Drogas (IPUB\/UFRJ). Psic\u00f3loga Cl\u00ednica. Conselheira e Coordenadora da Comiss\u00e3o Gestora da Subsede da Regi\u00e3o Serrana no XVI Plen\u00e1rio.<\/p>\n\n\n\n<p>VIVIANE SIQUEIRA MARTINS<br>(CRP 05\/32170)<br>Especialista em G\u00eanero e Sexualidade (IMS\/UERJ). Psic\u00f3loga do SUAS e Coordenadora de Projetos no Instituto Observasuas \u2013 Nova Igua\u00e7u.<\/p>\n","protected":false},"excerpt":{"rendered":"<p>Este ano, apenas uma chapa se inscreveu para as elei\u00e7\u00f5es do CRP-RJ. Portanto, conhe\u00e7a abaixo a chapa \u00fanica concorrente \u00e0 gest\u00e3o 2022-2025 do CRP-RJ CHAPA 11 &#8211; \u00c9TICA E DEMOCRACIA EM DEFESA DA PSICOLOGIA QUEM SOMOS N\u00d3S? Em 2004, o Movimento \u00c9tica e Compromisso Social (ECS) come\u00e7a ser composto por Psic\u00f3logas(os) e estudantes de Psicologia&#8230; <a class=\"moretag\" href=\"https:\/\/eleicoespsicologia.org.br\/crp05\/chapas\/\">Continue lendo <span class=\"screen-reader-text\">&#8220;Chapas&#8221;<\/span><\/a><\/p>\n","protected":false},"author":2,"featured_media":0,"parent":0,"menu_order":0,"comment_status":"closed","ping_status":"closed","template":"","meta":{"_acf_changed":false,"footnotes":""},"class_list":["post-59","page","type-page","status-publish","hentry"],"acf":[],"_links":{"self":[{"href":"https:\/\/eleicoespsicologia.org.br\/crp05\/wp-json\/wp\/v2\/pages\/59","targetHints":{"allow":["GET"]}}],"collection":[{"href":"https:\/\/eleicoespsicologia.org.br\/crp05\/wp-json\/wp\/v2\/pages"}],"about":[{"href":"https:\/\/eleicoespsicologia.org.br\/crp05\/wp-json\/wp\/v2\/types\/page"}],"author":[{"embeddable":true,"href":"https:\/\/eleicoespsicologia.org.br\/crp05\/wp-json\/wp\/v2\/users\/2"}],"replies":[{"embeddable":true,"href":"https:\/\/eleicoespsicologia.org.br\/crp05\/wp-json\/wp\/v2\/comments?post=59"}],"version-history":[{"count":7,"href":"https:\/\/eleicoespsicologia.org.br\/crp05\/wp-json\/wp\/v2\/pages\/59\/revisions"}],"predecessor-version":[{"id":200,"href":"https:\/\/eleicoespsicologia.org.br\/crp05\/wp-json\/wp\/v2\/pages\/59\/revisions\/200"}],"wp:attachment":[{"href":"https:\/\/eleicoespsicologia.org.br\/crp05\/wp-json\/wp\/v2\/media?parent=59"}],"curies":[{"name":"wp","href":"https:\/\/api.w.org\/{rel}","templated":true}]}}