{"id":179,"date":"2025-02-25T11:31:06","date_gmt":"2025-02-25T14:31:06","guid":{"rendered":"https:\/\/eleicoespsicologia.org.br\/crp08\/?post_type=comissoes&#038;p=179"},"modified":"2025-06-23T12:41:46","modified_gmt":"2025-06-23T15:41:46","slug":"comissao-regional-eleitoral-cre-2025","status":"publish","type":"comissoes","link":"https:\/\/eleicoespsicologia.org.br\/crp08\/comissoes\/comissao-regional-eleitoral-cre-2025\/","title":{"rendered":"Comiss\u00e3o Regional Eleitoral \u2013 CRE"},"content":{"rendered":"\n<p>A Comiss\u00e3o Regional Eleitoral (CRE), composta por psic\u00f3logas n\u00e3o conselheiras regionais eleitas em Assembleia Geral Extraordin\u00e1ria, \u00e9 respons\u00e1vel pela execu\u00e7\u00e3o do processo eleitoral e pelo processamento de requerimentos das chapas concorrentes ao pleito em sua jurisdi\u00e7\u00e3o.<\/p>\n\n\n\n<div class=\"wp-block-columns is-layout-flex wp-container-core-columns-is-layout-9d6595d7 wp-block-columns-is-layout-flex\">\n<div class=\"wp-block-column is-layout-flow wp-block-column-is-layout-flow\">\n<p>Psic. Suzete Ferreira dos Santos (CRP-08\/14505)<br><strong>Presidenta<\/strong><\/p>\n\n\n\n<p>Psic. Claudia Barbosa (CRP-08\/05631)<br><strong>Titular<\/strong><\/p>\n\n\n\n<p>Psic. Silvana Batista Moreira Lopes (CRP-08\/08392)<br><strong>Titular<\/strong><\/p>\n<\/div>\n\n\n\n<div class=\"wp-block-column is-layout-flow wp-block-column-is-layout-flow\">\n<p>Psic. Dandara Farid da Silva (CRP-08\/30773)<br><strong>Suplente<\/strong><\/p>\n\n\n\n<p>Psic. Igor Matheus do Padro (CRP-08\/32711)<br><strong>Suplente<\/strong><\/p>\n\n\n\n<p>Psic. Sabrina Meira Pimentel (CRP-08\/28265)<br><strong>Suplente<\/strong><\/p>\n<\/div>\n<\/div>\n\n\n\n<p>E-mail: <strong>eleitoral@crppr.org.br<\/strong><\/p>\n","protected":false},"template":"","categories":[7],"class_list":["post-179","comissoes","type-comissoes","status-publish","hentry","category-eleicoes-2025"],"acf":[],"_links":{"self":[{"href":"https:\/\/eleicoespsicologia.org.br\/crp08\/wp-json\/wp\/v2\/comissoes\/179","targetHints":{"allow":["GET"]}}],"collection":[{"href":"https:\/\/eleicoespsicologia.org.br\/crp08\/wp-json\/wp\/v2\/comissoes"}],"about":[{"href":"https:\/\/eleicoespsicologia.org.br\/crp08\/wp-json\/wp\/v2\/types\/comissoes"}],"wp:attachment":[{"href":"https:\/\/eleicoespsicologia.org.br\/crp08\/wp-json\/wp\/v2\/media?parent=179"}],"wp:term":[{"taxonomy":"category","embeddable":true,"href":"https:\/\/eleicoespsicologia.org.br\/crp08\/wp-json\/wp\/v2\/categories?post=179"}],"curies":[{"name":"wp","href":"https:\/\/api.w.org\/{rel}","templated":true}]}}

Comissão Regional Eleitoral – CRE

<p>A Comissão Regional Eleitoral (CRE), composta por psicólogas não conselheiras regionais eleitas em Assembleia Geral Extraordinária, é responsável pela execução do processo eleitoral e pelo processamento de requerimentos das chapas concorrentes ao pleito em sua jurisdição.</p>



<div class="wp-block-columns is-layout-flex wp-container-core-columns-is-layout-9d6595d7 wp-block-columns-is-layout-flex">
<div class="wp-block-column is-layout-flow wp-block-column-is-layout-flow">
<p>Psic. Suzete Ferreira dos Santos (CRP-08/14505)<br><strong>Presidenta</strong></p>



<p>Psic. Claudia Barbosa (CRP-08/05631)<br><strong>Titular</strong></p>



<p>Psic. Silvana Batista Moreira Lopes (CRP-08/08392)<br><strong>Titular</strong></p>
</div>



<div class="wp-block-column is-layout-flow wp-block-column-is-layout-flow">
<p>Psic. Dandara Farid da Silva (CRP-08/30773)<br><strong>Suplente</strong></p>



<p>Psic. Igor Matheus do Padro (CRP-08/32711)<br><strong>Suplente</strong></p>



<p>Psic. Sabrina Meira Pimentel (CRP-08/28265)<br><strong>Suplente</strong></p>
</div>
</div>



<p>E-mail: <strong>eleitoral@crppr.org.br</strong></p>
