{"id":147,"date":"2022-08-03T15:56:48","date_gmt":"2022-08-03T18:56:48","guid":{"rendered":"http:\/\/eleicoespsicologia.org.br\/crp08\/ponto-de-apoio-a-votacao\/"},"modified":"2025-08-13T10:31:11","modified_gmt":"2025-08-13T13:31:11","slug":"ponto-de-apoio-a-votacao","status":"publish","type":"page","link":"https:\/\/eleicoespsicologia.org.br\/crp08\/ponto-de-apoio-a-votacao\/","title":{"rendered":"Ponto de apoio a vota\u00e7\u00e3o"},"content":{"rendered":"\n<p><\/p>\n\n\n<p>As psic\u00f3logas com pend\u00eancias financeiras ou cadastrais dever\u00e3o comparecer aos Pontos de Apoio \u00e0 Vota\u00e7\u00e3o para<br>regularizar a situa\u00e7\u00e3o. Ao se tornar apta, a psic\u00f3loga deve acessar o site das elei\u00e7\u00f5es,<br>www.eleicoespsicologia.org.br, clicar na op\u00e7\u00e3o votar e em seguida no bot\u00e3o \u201cN\u00e3o tenho minha senha de vota\u00e7\u00e3o\u201d. De<br>posse da senha poder\u00e1 votar em dispositivo pr\u00f3prio ou nos computadores dispon\u00edveis nos Pontos de Apoio \u00e0 Vota\u00e7\u00e3o. \u00c9<br>importante ressaltar que as profissionais n\u00e3o s\u00e3o obrigadas a votar nos pontos disponibilizados pelos Conselhos<br>Regionais.<\/p>\n<figure class=\"wp-block-table is-style-stripes\">\n<table>\n<thead>\n<tr>\n<th>Ponto de apoio<\/th>\n<th>Endere\u00e7o<\/th>\n<th>Bairro<\/th>\n<th>Cidade<\/th>\n<th>CEP<\/th>\n<\/tr>\n<\/thead>\n<tbody>\n<tr>\n<td>Curitiba<\/td>\n<td>Avenida S\u00e3o Jos\u00e9, 699 <\/td>\n<td>Cristo Rei<\/td>\n<td>Curitiba\/PR<\/td>\n<td>85050-350<\/td>\n<\/tr>\n<tr>\n<td>Londrina<\/td>\n<td>Rua Senador Souza Naves, 626, Sala 07, T\u00e9rreo<\/td>\n<td>Centro<\/td>\n<td>Londrina\/PR<\/td>\n<td>86010-160<\/td>\n<\/tr>\n<tr>\n<td>Maring\u00e1<\/td>\n<td>Avenida Carneiro Le\u00e3o, 294, Sala 706<\/td>\n<td>Zona 01<\/td>\n<td>Maring\u00e1\/PR<\/td>\n<td>87014-010<\/td>\n<\/tr>\n<tr>\n<td>Cascavel<\/td>\n<td>Rua Visconde do Rio Branco, 2532<\/td>\n<td>Centro<\/td>\n<td>Cascavel\/PR<\/td>\n<td>85801-240<\/td>\n<\/tr>\n<tr>\n<td>Foz do Igua\u00e7u<\/td>\n<td>Avenida Pedro Basso, 472, Sala 103, Edif\u00edcio Caesar Tower<\/td>\n<td>Jardim Polo Centro<\/td>\n<td>Foz do Igua\u00e7u\/PR<\/td>\n<td>85863-756<\/td>\n<\/tr>\n<\/tbody>\n<\/table>\n<\/figure>\n<p>O atendimento no Ponto de apoio a vota\u00e7\u00e3o ser\u00e1 realizado das 8 horas \u00e0s 17 horas entre os dias 23 e 27 de agosto de 2022, respeitando o hor\u00e1rio local.<\/p>","protected":false},"excerpt":{"rendered":"<p>As psic\u00f3logas com pend\u00eancias financeiras ou cadastrais dever\u00e3o comparecer aos Pontos de Apoio \u00e0 Vota\u00e7\u00e3o pararegularizar a situa\u00e7\u00e3o. Ao se tornar apta, a psic\u00f3loga deve acessar o site das elei\u00e7\u00f5es,www.eleicoespsicologia.org.br, clicar na op\u00e7\u00e3o votar e em seguida no bot\u00e3o \u201cN\u00e3o tenho minha senha de vota\u00e7\u00e3o\u201d. Deposse da senha poder\u00e1 votar em dispositivo pr\u00f3prio ou nos&#8230; <a class=\"moretag\" href=\"https:\/\/eleicoespsicologia.org.br\/crp08\/ponto-de-apoio-a-votacao\/\">Continue lendo <span class=\"screen-reader-text\">&#8220;Ponto de apoio a vota\u00e7\u00e3o&#8221;<\/span><\/a><\/p>\n","protected":false},"author":2,"featured_media":0,"parent":0,"menu_order":0,"comment_status":"closed","ping_status":"closed","template":"","meta":{"_acf_changed":false,"footnotes":""},"class_list":["post-147","page","type-page","status-publish","hentry"],"acf":[],"_links":{"self":[{"href":"https:\/\/eleicoespsicologia.org.br\/crp08\/wp-json\/wp\/v2\/pages\/147","targetHints":{"allow":["GET"]}}],"collection":[{"href":"https:\/\/eleicoespsicologia.org.br\/crp08\/wp-json\/wp\/v2\/pages"}],"about":[{"href":"https:\/\/eleicoespsicologia.org.br\/crp08\/wp-json\/wp\/v2\/types\/page"}],"author":[{"embeddable":true,"href":"https:\/\/eleicoespsicologia.org.br\/crp08\/wp-json\/wp\/v2\/users\/2"}],"replies":[{"embeddable":true,"href":"https:\/\/eleicoespsicologia.org.br\/crp08\/wp-json\/wp\/v2\/comments?post=147"}],"version-history":[{"count":2,"href":"https:\/\/eleicoespsicologia.org.br\/crp08\/wp-json\/wp\/v2\/pages\/147\/revisions"}],"predecessor-version":[{"id":151,"href":"https:\/\/eleicoespsicologia.org.br\/crp08\/wp-json\/wp\/v2\/pages\/147\/revisions\/151"}],"wp:attachment":[{"href":"https:\/\/eleicoespsicologia.org.br\/crp08\/wp-json\/wp\/v2\/media?parent=147"}],"curies":[{"name":"wp","href":"https:\/\/api.w.org\/{rel}","templated":true}]}}

Ponto de apoio a votação

<p></p>


<p>As psicólogas com pendências financeiras ou cadastrais deverão comparecer aos Pontos de Apoio à Votação para<br>regularizar a situação. Ao se tornar apta, a psicóloga deve acessar o site das eleições,<br>www.eleicoespsicologia.org.br, clicar na opção votar e em seguida no botão “Não tenho minha senha de votação”. De<br>posse da senha poderá votar em dispositivo próprio ou nos computadores disponíveis nos Pontos de Apoio à Votação. É<br>importante ressaltar que as profissionais não são obrigadas a votar nos pontos disponibilizados pelos Conselhos<br>Regionais.</p>
<figure class="wp-block-table is-style-stripes">
<table>
<thead>
<tr>
<th>Ponto de apoio</th>
<th>Endereço</th>
<th>Bairro</th>
<th>Cidade</th>
<th>CEP</th>
</tr>
</thead>
<tbody>
<tr>
<td>Curitiba</td>
<td>Avenida São José, 699 </td>
<td>Cristo Rei</td>
<td>Curitiba/PR</td>
<td>85050-350</td>
</tr>
<tr>
<td>Londrina</td>
<td>Rua Senador Souza Naves, 626, Sala 07, Térreo</td>
<td>Centro</td>
<td>Londrina/PR</td>
<td>86010-160</td>
</tr>
<tr>
<td>Maringá</td>
<td>Avenida Carneiro Leão, 294, Sala 706</td>
<td>Zona 01</td>
<td>Maringá/PR</td>
<td>87014-010</td>
</tr>
<tr>
<td>Cascavel</td>
<td>Rua Visconde do Rio Branco, 2532</td>
<td>Centro</td>
<td>Cascavel/PR</td>
<td>85801-240</td>
</tr>
<tr>
<td>Foz do Iguaçu</td>
<td>Avenida Pedro Basso, 472, Sala 103, Edifício Caesar Tower</td>
<td>Jardim Polo Centro</td>
<td>Foz do Iguaçu/PR</td>
<td>85863-756</td>
</tr>
</tbody>
</table>
</figure>
<p>O atendimento no Ponto de apoio a votação será realizado das 8 horas às 17 horas entre os dias 23 e 27 de agosto de 2022, respeitando o horário local.</p>

<p>As psicólogas com pendências financeiras ou cadastrais deverão comparecer aos Pontos de Apoio à Votação pararegularizar a situação. Ao se tornar apta, a psicóloga deve acessar o site das eleições,www.eleicoespsicologia.org.br, clicar na opção votar e em seguida no botão “Não tenho minha senha de votação”. Deposse da senha poderá votar em dispositivo próprio ou nos&#8230; <a class="moretag" href="https://eleicoespsicologia.org.br/crp08/ponto-de-apoio-a-votacao/">Continue lendo <span class="screen-reader-text">&#8220;Ponto de apoio a votação&#8221;</span></a></p>
