{"id":182,"date":"2025-06-03T15:11:26","date_gmt":"2025-06-03T18:11:26","guid":{"rendered":"https:\/\/eleicoespsicologia.org.br\/crp09\/?post_type=comissoes&#038;p=182"},"modified":"2025-06-03T15:11:27","modified_gmt":"2025-06-03T18:11:27","slug":"comissao-regional-eleitoral-cre-2025","status":"publish","type":"comissoes","link":"https:\/\/eleicoespsicologia.org.br\/crp09\/comissoes\/comissao-regional-eleitoral-cre-2025\/","title":{"rendered":"Comiss\u00e3o Regional Eleitoral \u2013 CRE"},"content":{"rendered":"\n<p>A Comiss\u00e3o Regional Eleitoral (CRE), composta por psic\u00f3logas n\u00e3o conselheiras regionais eleitas em Assembleia Geral Extraordin\u00e1ria, \u00e9 respons\u00e1vel pela execu\u00e7\u00e3o do processo eleitoral e pelo processamento de requerimentos das chapas concorrentes ao pleito em sua jurisdi\u00e7\u00e3o.<\/p>\n\n\n\n<div class=\"wp-block-columns is-layout-flex wp-container-core-columns-is-layout-9d6595d7 wp-block-columns-is-layout-flex\">\n<div class=\"wp-block-column is-layout-flow wp-block-column-is-layout-flow\">\n<p>KALINE OLIVEIRA DA CUNHA PESSOA &#8211; CRP-09\/8053<br><strong>Presidenta<\/strong><\/p>\n\n\n\n<p>ARISTOTELES MESQUITA DE LIMA NETTO &#8211; CRP-09\/6879<br><strong>Titular<\/strong><\/p>\n\n\n\n<p>RODRIGO CARVALHO DO REGO BARROS &#8211; CRP-09\/6793<br><strong>Titular<\/strong><\/p>\n<\/div>\n\n\n\n<div class=\"wp-block-column is-layout-flow wp-block-column-is-layout-flow\">\n<p>POLYANA PEREIRA ROSA SENA-CRP &#8211; 00\/5055<br><strong>Suplente<\/strong><\/p>\n\n\n\n<p>ISAAC IAUARETE MAGALH\u00c3ES DUARTE &#8211; CRP &#8211; 09\/13490<br><strong>Suplente<\/strong><\/p>\n\n\n\n<p>WALUZIA MIRANDA FLORES &#8211; CRP-09\/0983<br><strong>Suplente<\/strong><\/p>\n<\/div>\n<\/div>\n\n\n\n<p>E-mail: <strong>eleicoes2025@crp09.org.br<\/strong><\/p>\n","protected":false},"template":"","categories":[5],"class_list":["post-182","comissoes","type-comissoes","status-publish","hentry","category-eleicoes-2025"],"acf":[],"_links":{"self":[{"href":"https:\/\/eleicoespsicologia.org.br\/crp09\/wp-json\/wp\/v2\/comissoes\/182","targetHints":{"allow":["GET"]}}],"collection":[{"href":"https:\/\/eleicoespsicologia.org.br\/crp09\/wp-json\/wp\/v2\/comissoes"}],"about":[{"href":"https:\/\/eleicoespsicologia.org.br\/crp09\/wp-json\/wp\/v2\/types\/comissoes"}],"wp:attachment":[{"href":"https:\/\/eleicoespsicologia.org.br\/crp09\/wp-json\/wp\/v2\/media?parent=182"}],"wp:term":[{"taxonomy":"category","embeddable":true,"href":"https:\/\/eleicoespsicologia.org.br\/crp09\/wp-json\/wp\/v2\/categories?post=182"}],"curies":[{"name":"wp","href":"https:\/\/api.w.org\/{rel}","templated":true}]}}

Comissão Regional Eleitoral – CRE

<p>A Comissão Regional Eleitoral (CRE), composta por psicólogas não conselheiras regionais eleitas em Assembleia Geral Extraordinária, é responsável pela execução do processo eleitoral e pelo processamento de requerimentos das chapas concorrentes ao pleito em sua jurisdição.</p>



<div class="wp-block-columns is-layout-flex wp-container-core-columns-is-layout-9d6595d7 wp-block-columns-is-layout-flex">
<div class="wp-block-column is-layout-flow wp-block-column-is-layout-flow">
<p>KALINE OLIVEIRA DA CUNHA PESSOA &#8211; CRP-09/8053<br><strong>Presidenta</strong></p>



<p>ARISTOTELES MESQUITA DE LIMA NETTO &#8211; CRP-09/6879<br><strong>Titular</strong></p>



<p>RODRIGO CARVALHO DO REGO BARROS &#8211; CRP-09/6793<br><strong>Titular</strong></p>
</div>



<div class="wp-block-column is-layout-flow wp-block-column-is-layout-flow">
<p>POLYANA PEREIRA ROSA SENA-CRP &#8211; 00/5055<br><strong>Suplente</strong></p>



<p>ISAAC IAUARETE MAGALHÃES DUARTE &#8211; CRP &#8211; 09/13490<br><strong>Suplente</strong></p>



<p>WALUZIA MIRANDA FLORES &#8211; CRP-09/0983<br><strong>Suplente</strong></p>
</div>
</div>



<p>E-mail: <strong>eleicoes2025@crp09.org.br</strong></p>
