{"id":59,"date":"2022-03-18T11:47:38","date_gmt":"2022-03-18T14:47:38","guid":{"rendered":"https:\/\/eleicoes.local\/crp08\/?page_id=59"},"modified":"2025-06-18T12:38:27","modified_gmt":"2025-06-18T15:38:27","slug":"chapas","status":"publish","type":"page","link":"https:\/\/eleicoespsicologia.org.br\/crp09\/chapas\/","title":{"rendered":"Chapas"},"content":{"rendered":"\n<p>O processo eleitoral encontra-se em aberto, abaixo segue explicitado as chapas que disputam o pleito, a sequ\u00eancia e ordena\u00e7\u00e3o, tanto das chapas quanto dos membros segue relat\u00f3rio gerado pelo sistema e-chapa.<\/p>\n\n\n\n<ul class=\"has-large-font-size wp-block-list\"><li><strong>CHAPA<\/strong> <strong>11<\/strong> &#8211; <strong>FORTALECER \u2013 \u00c9TICA EMPREGABILIDADE E VALORIZA\u00c7\u00c3O PROFISSIONAL<\/strong><\/li><\/ul>\n\n\n\n<p><strong>Membros:<\/strong><\/p>\n\n\n\n<p>WADSON ARANTES GAMA &#8211; <strong>Encabe\u00e7ador<\/strong> <\/p>\n\n\n\n<p><strong><em>EFETIVOS:<\/em><\/strong><\/p>\n\n\n\n<p>THAIS MARIS SALES<\/p>\n\n\n\n<p>JOSE FERNANDO DUARTE<\/p>\n\n\n\n<p>RIVANARA NAPOLI<\/p>\n\n\n\n<p>ARIANA FIDELIS ALVES SANTANA<\/p>\n\n\n\n<p>ROG\u00c9RIO FERREIRA GON\u00c7ALVES<\/p>\n\n\n\n<p>LUCIANA AMORIM DE SANTANA MOTA<\/p>\n\n\n\n<p>MILTON MARINHO NOGUEIRA J\u00daNIOR<\/p>\n\n\n\n<p>ANA FL\u00c1VIA VIEIRA DE MATTOS<\/p>\n\n\n\n<p>MARCO AURELIO DA SILVA LIMA<\/p>\n\n\n\n<p>ANA CAROLINA MARQUES MAREGA<\/p>\n\n\n\n<p>MARILENE DE ARA\u00daJO MARTINS QUEIROZ<\/p>\n\n\n\n<p>C\u00c2NDIDO RENATO ALVES DE OLIVEIRA<\/p>\n\n\n\n<p><strong><em>SUPLENTES:<\/em><\/strong><\/p>\n\n\n\n<p>ISMAILDA FRANCISCO DOS SANTOS PRASDO<\/p>\n\n\n\n<p>LIDIANA PERES DOS SANTOS<\/p>\n\n\n\n<p>JAQUELINE AZEVEDO BARROS SOUZA<\/p>\n\n\n\n<p>ELI ANTONIO CURY<\/p>\n\n\n\n<p>NADYENE MOREIRA DE SOUZA BORGES<\/p>\n\n\n\n<p>JAQUELINE SOUZA FRANCO<\/p>\n\n\n\n<p>MARLI BUENO DE CASTRO<\/p>\n\n\n\n<p>ALINE VANESSA C. J. DA SILVA<\/p>\n\n\n\n<p>ANA TERRA SUDARIO GONZAGA<\/p>\n\n\n\n<p>ERICK R\u00d4SO HUBER<\/p>\n\n\n\n<p>GIRLENE MARIA DE MOURA CARNEIRO<\/p>\n\n\n\n<p>ELIANE PELLES MACHADO AMORIM<\/p>\n\n\n\n<p>MIRELLY CONCEICAO DO CARMO<\/p>\n\n\n\n<p><\/p>\n\n\n\n<p><\/p>\n\n\n\n<p>&#8212;&#8212;&#8212;&#8212;&#8212;&#8212;&#8212;&#8212;&#8212;&#8212;&#8212;&#8212;&#8212;&#8212;&#8212;&#8212;&#8212;&#8212;&#8212;&#8212;&#8212;&#8212;&#8212;&#8212;&#8212;&#8212;&#8212;&#8212;&#8212;&#8212;&#8212;&#8212;&#8212;&#8212;&#8212;&#8212;&#8212;&#8212;&#8211;<\/p>\n\n\n\n<ul class=\"has-large-font-size wp-block-list\"><li><strong>CHAPA 12 &#8211; AVAN\u00c7AR A PSICOLOGIA EM GOI\u00c1S <\/strong><\/li><\/ul>\n\n\n\n<p><strong>Membros:<\/strong><\/p>\n\n\n\n<p>MURILLO RODRIGUES DOS SANTOS\u00a0&#8211; <strong>Encabe\u00e7ador<\/strong> <\/p>\n\n\n\n<p><strong><em>EFETIVOS:<\/em><\/strong><\/p>\n\n\n\n<p>ROBERTO RIBEIRO DE MOURA<\/p>\n\n\n\n<p>ROBERTA FERNANDES DE SOUZA<\/p>\n\n\n\n<p>RAQUEL ALVES DE SOUSA BARBOSA<\/p>\n\n\n\n<p>M\u00c1RCIA CHRISTOVAM DA SILVA ROCHA<\/p>\n\n\n\n<p>LORRAYNE ALVES DE AQUINO FERREIRA<\/p>\n\n\n\n<p>KASSIO ROSSE SILVA KRAN<\/p>\n\n\n\n<p>JESSICA FLORINDA AMORIM<\/p>\n\n\n\n<p>ISAAC IAUARETE MAGALHAES DUARTE<\/p>\n\n\n\n<p>FERNANDO BARBOSA DE SOUSA GOBBATO<\/p>\n\n\n\n<p>ERIKO NETTO DE LIMA<\/p>\n\n\n\n<p>SIMONE MINASI<\/p>\n\n\n\n<p>MARIA REGINA DOS REIS DUTRA<\/p>\n\n\n\n<p><strong><em>SUPLENTES:<\/em><\/strong><\/p>\n\n\n\n<p>CATIA CILENE DO CARMO<\/p>\n\n\n\n<p>LA\u00cdS RAYANE TELES DOS SANTOS<\/p>\n\n\n\n<p>KAREN LUCIA ABREU RODRIGUES<\/p>\n\n\n\n<p>SAYMON EIKE FERRAZ CARDOSO<\/p>\n\n\n\n<p>GABRIELA BUCHLI<\/p>\n\n\n\n<p>NAYARA SOARES BARROS BORGES<\/p>\n\n\n\n<p>MARCIO MUJALLI<\/p>\n\n\n\n<p>LORENA LORRAINE ALVES VIEIRA<\/p>\n\n\n\n<p>JULIANA DE SOUSA PIRES<\/p>\n\n\n\n<p>JESSIKA HELLENA CANDINE<\/p>\n\n\n\n<p>DENISE MARINHO BORGES<\/p>\n\n\n\n<p>BRUNA KARLLA DOURADO TOMAZETTI<\/p>\n\n\n\n<p>ANDERSON BARTOLOMEU TATANI MONTEIRO<\/p>\n","protected":false},"excerpt":{"rendered":"<p>O processo eleitoral encontra-se em aberto, abaixo segue explicitado as chapas que disputam o pleito, a sequ\u00eancia e ordena\u00e7\u00e3o, tanto das chapas quanto dos membros segue relat\u00f3rio gerado pelo sistema e-chapa. CHAPA 11 &#8211; FORTALECER \u2013 \u00c9TICA EMPREGABILIDADE E VALORIZA\u00c7\u00c3O PROFISSIONAL Membros: WADSON ARANTES GAMA &#8211; Encabe\u00e7ador EFETIVOS: THAIS MARIS SALES JOSE FERNANDO DUARTE RIVANARA&#8230; <a class=\"moretag\" href=\"https:\/\/eleicoespsicologia.org.br\/crp09\/chapas\/\">Continue lendo <span class=\"screen-reader-text\">&#8220;Chapas&#8221;<\/span><\/a><\/p>\n","protected":false},"author":37,"featured_media":0,"parent":0,"menu_order":0,"comment_status":"closed","ping_status":"closed","template":"","meta":{"_acf_changed":false,"footnotes":""},"class_list":["post-59","page","type-page","status-publish","hentry"],"acf":[],"_links":{"self":[{"href":"https:\/\/eleicoespsicologia.org.br\/crp09\/wp-json\/wp\/v2\/pages\/59","targetHints":{"allow":["GET"]}}],"collection":[{"href":"https:\/\/eleicoespsicologia.org.br\/crp09\/wp-json\/wp\/v2\/pages"}],"about":[{"href":"https:\/\/eleicoespsicologia.org.br\/crp09\/wp-json\/wp\/v2\/types\/page"}],"author":[{"embeddable":true,"href":"https:\/\/eleicoespsicologia.org.br\/crp09\/wp-json\/wp\/v2\/users\/37"}],"replies":[{"embeddable":true,"href":"https:\/\/eleicoespsicologia.org.br\/crp09\/wp-json\/wp\/v2\/comments?post=59"}],"version-history":[{"count":2,"href":"https:\/\/eleicoespsicologia.org.br\/crp09\/wp-json\/wp\/v2\/pages\/59\/revisions"}],"predecessor-version":[{"id":118,"href":"https:\/\/eleicoespsicologia.org.br\/crp09\/wp-json\/wp\/v2\/pages\/59\/revisions\/118"}],"wp:attachment":[{"href":"https:\/\/eleicoespsicologia.org.br\/crp09\/wp-json\/wp\/v2\/media?parent=59"}],"curies":[{"name":"wp","href":"https:\/\/api.w.org\/{rel}","templated":true}]}}

<p>O processo eleitoral encontra-se em aberto, abaixo segue explicitado as chapas que disputam o pleito, a sequência e ordenação, tanto das chapas quanto dos membros segue relatório gerado pelo sistema e-chapa.</p>



<ul class="has-large-font-size wp-block-list"><li><strong>CHAPA</strong> <strong>11</strong> &#8211; <strong>FORTALECER – ÉTICA EMPREGABILIDADE E VALORIZAÇÃO PROFISSIONAL</strong></li></ul>



<p><strong>Membros:</strong></p>



<p>WADSON ARANTES GAMA &#8211; <strong>Encabeçador</strong> </p>



<p><strong><em>EFETIVOS:</em></strong></p>



<p>THAIS MARIS SALES</p>



<p>JOSE FERNANDO DUARTE</p>



<p>RIVANARA NAPOLI</p>



<p>ARIANA FIDELIS ALVES SANTANA</p>



<p>ROGÉRIO FERREIRA GONÇALVES</p>



<p>LUCIANA AMORIM DE SANTANA MOTA</p>



<p>MILTON MARINHO NOGUEIRA JÚNIOR</p>



<p>ANA FLÁVIA VIEIRA DE MATTOS</p>



<p>MARCO AURELIO DA SILVA LIMA</p>



<p>ANA CAROLINA MARQUES MAREGA</p>



<p>MARILENE DE ARAÚJO MARTINS QUEIROZ</p>



<p>CÂNDIDO RENATO ALVES DE OLIVEIRA</p>



<p><strong><em>SUPLENTES:</em></strong></p>



<p>ISMAILDA FRANCISCO DOS SANTOS PRASDO</p>



<p>LIDIANA PERES DOS SANTOS</p>



<p>JAQUELINE AZEVEDO BARROS SOUZA</p>



<p>ELI ANTONIO CURY</p>



<p>NADYENE MOREIRA DE SOUZA BORGES</p>



<p>JAQUELINE SOUZA FRANCO</p>



<p>MARLI BUENO DE CASTRO</p>



<p>ALINE VANESSA C. J. DA SILVA</p>



<p>ANA TERRA SUDARIO GONZAGA</p>



<p>ERICK RÔSO HUBER</p>



<p>GIRLENE MARIA DE MOURA CARNEIRO</p>



<p>ELIANE PELLES MACHADO AMORIM</p>



<p>MIRELLY CONCEICAO DO CARMO</p>



<p></p>



<p></p>



<p>&#8212;&#8212;&#8212;&#8212;&#8212;&#8212;&#8212;&#8212;&#8212;&#8212;&#8212;&#8212;&#8212;&#8212;&#8212;&#8212;&#8212;&#8212;&#8212;&#8212;&#8212;&#8212;&#8212;&#8212;&#8212;&#8212;&#8212;&#8212;&#8212;&#8212;&#8212;&#8212;&#8212;&#8212;&#8212;&#8212;&#8212;&#8212;&#8211;</p>



<ul class="has-large-font-size wp-block-list"><li><strong>CHAPA 12 &#8211; AVANÇAR A PSICOLOGIA EM GOIÁS </strong></li></ul>



<p><strong>Membros:</strong></p>



<p>MURILLO RODRIGUES DOS SANTOS &#8211; <strong>Encabeçador</strong> </p>



<p><strong><em>EFETIVOS:</em></strong></p>



<p>ROBERTO RIBEIRO DE MOURA</p>



<p>ROBERTA FERNANDES DE SOUZA</p>



<p>RAQUEL ALVES DE SOUSA BARBOSA</p>



<p>MÁRCIA CHRISTOVAM DA SILVA ROCHA</p>



<p>LORRAYNE ALVES DE AQUINO FERREIRA</p>



<p>KASSIO ROSSE SILVA KRAN</p>



<p>JESSICA FLORINDA AMORIM</p>



<p>ISAAC IAUARETE MAGALHAES DUARTE</p>



<p>FERNANDO BARBOSA DE SOUSA GOBBATO</p>



<p>ERIKO NETTO DE LIMA</p>



<p>SIMONE MINASI</p>



<p>MARIA REGINA DOS REIS DUTRA</p>



<p><strong><em>SUPLENTES:</em></strong></p>



<p>CATIA CILENE DO CARMO</p>



<p>LAÍS RAYANE TELES DOS SANTOS</p>



<p>KAREN LUCIA ABREU RODRIGUES</p>



<p>SAYMON EIKE FERRAZ CARDOSO</p>



<p>GABRIELA BUCHLI</p>



<p>NAYARA SOARES BARROS BORGES</p>



<p>MARCIO MUJALLI</p>



<p>LORENA LORRAINE ALVES VIEIRA</p>



<p>JULIANA DE SOUSA PIRES</p>



<p>JESSIKA HELLENA CANDINE</p>



<p>DENISE MARINHO BORGES</p>



<p>BRUNA KARLLA DOURADO TOMAZETTI</p>



<p>ANDERSON BARTOLOMEU TATANI MONTEIRO</p>

<p>O processo eleitoral encontra-se em aberto, abaixo segue explicitado as chapas que disputam o pleito, a sequência e ordenação, tanto das chapas quanto dos membros segue relatório gerado pelo sistema e-chapa. CHAPA 11 &#8211; FORTALECER – ÉTICA EMPREGABILIDADE E VALORIZAÇÃO PROFISSIONAL Membros: WADSON ARANTES GAMA &#8211; Encabeçador EFETIVOS: THAIS MARIS SALES JOSE FERNANDO DUARTE RIVANARA&#8230; <a class="moretag" href="https://eleicoespsicologia.org.br/crp09/chapas/">Continue lendo <span class="screen-reader-text">&#8220;Chapas&#8221;</span></a></p>
