{"id":15,"date":"2022-01-25T15:12:22","date_gmt":"2022-01-25T17:12:22","guid":{"rendered":"https:\/\/eleicoes.local\/crp08\/?page_id=15"},"modified":"2025-08-15T17:28:22","modified_gmt":"2025-08-15T20:28:22","slug":"eleicao-do-crp-11","status":"publish","type":"page","link":"https:\/\/eleicoespsicologia.org.br\/crp11\/","title":{"rendered":"Elei\u00e7\u00e3o do CRP 11\u00aa Regi\u00e3o (CE)"},"content":{"rendered":"\n<p>Psic\u00f3logas e psic\u00f3logos do Brasil:<\/p>\n\n\n\n<p>Sejam bem-vindas(os) \u00e0 p\u00e1gina oficial das&nbsp;<strong>Elei\u00e7\u00f5es da Psicologia em 2025<\/strong>&nbsp;do seu Regional.<\/p>\n\n\n\n<p>Aqui est\u00e3o dispon\u00edveis todas as informa\u00e7\u00f5es referentes ao processo eleitoral dos Conselhos Regionais de Psicologia (CRPs) e \u00e0 Consulta Nacional para o Conselho Federal de Psicologia (CFP).<\/p>\n\n\n\n<p>As elei\u00e7\u00f5es do Sistema Conselhos de Psicologia ser\u00e3o realizadas de&nbsp;<strong>23 a 27 de agosto de 2025<\/strong>, unicamente na modalidade on-line e por meio deste site.&nbsp;<\/p>\n\n\n\n<p>Acompanhem as publica\u00e7\u00f5es e comunicados oficiais.<\/p>\n\n\n\n<p>Fiquem atentas(os)!<\/p>\n\n\n\n<h2 class=\"wp-block-heading\">Como votar?<\/h2>\n\n\n\n<figure class=\"wp-block-embed is-type-video is-provider-youtube wp-block-embed-youtube wp-embed-aspect-16-9 wp-has-aspect-ratio\"><div class=\"wp-block-embed__wrapper\">\n<iframe loading=\"lazy\" title=\"Elei\u00e7\u00f5es 2025 Sistema Conselhos de Psicologia: saiba como votar\" width=\"640\" height=\"360\" src=\"https:\/\/www.youtube.com\/embed\/rdSTmAlReM8?feature=oembed\" frameborder=\"0\" allow=\"accelerometer; autoplay; clipboard-write; encrypted-media; gyroscope; picture-in-picture; web-share\" referrerpolicy=\"strict-origin-when-cross-origin\" allowfullscreen><\/iframe>\n<\/div><\/figure>\n","protected":false},"excerpt":{"rendered":"<p>Psic\u00f3logas e psic\u00f3logos do Brasil: Sejam bem-vindas(os) \u00e0 p\u00e1gina oficial das&nbsp;Elei\u00e7\u00f5es da Psicologia em 2025&nbsp;do seu Regional. Aqui est\u00e3o dispon\u00edveis todas as informa\u00e7\u00f5es referentes ao processo eleitoral dos Conselhos Regionais de Psicologia (CRPs) e \u00e0 Consulta Nacional para o Conselho Federal de Psicologia (CFP). As elei\u00e7\u00f5es do Sistema Conselhos de Psicologia ser\u00e3o realizadas de&nbsp;23 a&#8230; <a class=\"moretag\" href=\"https:\/\/eleicoespsicologia.org.br\/crp11\/\">Continue lendo <span class=\"screen-reader-text\">&#8220;Elei\u00e7\u00e3o do CRP 11\u00aa Regi\u00e3o (CE)&#8221;<\/span><\/a><\/p>\n","protected":false},"author":2,"featured_media":0,"parent":0,"menu_order":0,"comment_status":"closed","ping_status":"closed","template":"","meta":{"_acf_changed":false,"footnotes":""},"class_list":["post-15","page","type-page","status-publish","hentry"],"acf":[],"_links":{"self":[{"href":"https:\/\/eleicoespsicologia.org.br\/crp11\/wp-json\/wp\/v2\/pages\/15","targetHints":{"allow":["GET"]}}],"collection":[{"href":"https:\/\/eleicoespsicologia.org.br\/crp11\/wp-json\/wp\/v2\/pages"}],"about":[{"href":"https:\/\/eleicoespsicologia.org.br\/crp11\/wp-json\/wp\/v2\/types\/page"}],"author":[{"embeddable":true,"href":"https:\/\/eleicoespsicologia.org.br\/crp11\/wp-json\/wp\/v2\/users\/2"}],"replies":[{"embeddable":true,"href":"https:\/\/eleicoespsicologia.org.br\/crp11\/wp-json\/wp\/v2\/comments?post=15"}],"version-history":[{"count":7,"href":"https:\/\/eleicoespsicologia.org.br\/crp11\/wp-json\/wp\/v2\/pages\/15\/revisions"}],"predecessor-version":[{"id":252,"href":"https:\/\/eleicoespsicologia.org.br\/crp11\/wp-json\/wp\/v2\/pages\/15\/revisions\/252"}],"wp:attachment":[{"href":"https:\/\/eleicoespsicologia.org.br\/crp11\/wp-json\/wp\/v2\/media?parent=15"}],"curies":[{"name":"wp","href":"https:\/\/api.w.org\/{rel}","templated":true}]}}