{"id":162,"date":"2025-02-24T15:42:19","date_gmt":"2025-02-24T18:42:19","guid":{"rendered":"https:\/\/eleicoespsicologia.org.br\/crp16\/?post_type=comissoes&#038;p=162"},"modified":"2025-02-24T15:42:19","modified_gmt":"2025-02-24T18:42:19","slug":"comissao-regional-eleitoral-cre-2025","status":"publish","type":"comissoes","link":"https:\/\/eleicoespsicologia.org.br\/crp16\/comissoes\/comissao-regional-eleitoral-cre-2025\/","title":{"rendered":"Comiss\u00e3o Regional Eleitoral \u2013 CRE"},"content":{"rendered":"\n<p>A Comiss\u00e3o Regional Eleitoral (CRE), composta por psic\u00f3logas n\u00e3o conselheiras regionais eleitas em Assembleia Geral Extraordin\u00e1ria, \u00e9 respons\u00e1vel pela execu\u00e7\u00e3o do processo eleitoral e pelo processamento de requerimentos das chapas concorrentes ao pleito em sua jurisdi\u00e7\u00e3o.<\/p>\n\n\n\n<div class=\"wp-block-columns is-layout-flex wp-container-core-columns-is-layout-9d6595d7 wp-block-columns-is-layout-flex\">\n<div class=\"wp-block-column is-layout-flow wp-block-column-is-layout-flow\">\n<p>Nilson Sant\u2019Ana Aliprandi (CRP16\/11049)<br><strong>Presidente<\/strong><\/p>\n\n\n\n<p>Inara Suhett Campos (CRP16\/993)<br><strong>Titular<\/strong><\/p>\n\n\n\n<p>Patr\u00edcia Silva Barbosa (CRP16\/3417)<br><strong>Titular<\/strong><\/p>\n<\/div>\n\n\n\n<div class=\"wp-block-column is-layout-flow wp-block-column-is-layout-flow\">\n<p>Vitor Sandrini de Assis (CRP16\/2794)<br><strong>Suplente<\/strong><\/p>\n\n\n\n<p>Mariana Carneiro Capucho (CRP16\/3264)<br><strong>Suplente<\/strong><\/p>\n\n\n\n<p>Vit\u00f3ria Tedoldi Moreira (CRP16\/10304)<br><strong>Suplente<\/strong><\/p>\n<\/div>\n<\/div>\n\n\n\n<p>E-mail: <strong>comissaoeleitoral@crp16.org.br<\/strong><\/p>\n","protected":false},"template":"","categories":[5],"class_list":["post-162","comissoes","type-comissoes","status-publish","hentry","category-eleicoes-2025"],"acf":[],"_links":{"self":[{"href":"https:\/\/eleicoespsicologia.org.br\/crp16\/wp-json\/wp\/v2\/comissoes\/162","targetHints":{"allow":["GET"]}}],"collection":[{"href":"https:\/\/eleicoespsicologia.org.br\/crp16\/wp-json\/wp\/v2\/comissoes"}],"about":[{"href":"https:\/\/eleicoespsicologia.org.br\/crp16\/wp-json\/wp\/v2\/types\/comissoes"}],"wp:attachment":[{"href":"https:\/\/eleicoespsicologia.org.br\/crp16\/wp-json\/wp\/v2\/media?parent=162"}],"wp:term":[{"taxonomy":"category","embeddable":true,"href":"https:\/\/eleicoespsicologia.org.br\/crp16\/wp-json\/wp\/v2\/categories?post=162"}],"curies":[{"name":"wp","href":"https:\/\/api.w.org\/{rel}","templated":true}]}}

Comissão Regional Eleitoral – CRE

<p>A Comissão Regional Eleitoral (CRE), composta por psicólogas não conselheiras regionais eleitas em Assembleia Geral Extraordinária, é responsável pela execução do processo eleitoral e pelo processamento de requerimentos das chapas concorrentes ao pleito em sua jurisdição.</p>



<div class="wp-block-columns is-layout-flex wp-container-core-columns-is-layout-9d6595d7 wp-block-columns-is-layout-flex">
<div class="wp-block-column is-layout-flow wp-block-column-is-layout-flow">
<p>Nilson Sant’Ana Aliprandi (CRP16/11049)<br><strong>Presidente</strong></p>



<p>Inara Suhett Campos (CRP16/993)<br><strong>Titular</strong></p>



<p>Patrícia Silva Barbosa (CRP16/3417)<br><strong>Titular</strong></p>
</div>



<div class="wp-block-column is-layout-flow wp-block-column-is-layout-flow">
<p>Vitor Sandrini de Assis (CRP16/2794)<br><strong>Suplente</strong></p>



<p>Mariana Carneiro Capucho (CRP16/3264)<br><strong>Suplente</strong></p>



<p>Vitória Tedoldi Moreira (CRP16/10304)<br><strong>Suplente</strong></p>
</div>
</div>



<p>E-mail: <strong>comissaoeleitoral@crp16.org.br</strong></p>
