{"id":59,"date":"2022-03-18T11:47:38","date_gmt":"2022-03-18T14:47:38","guid":{"rendered":"https:\/\/eleicoes.local\/crp08\/?page_id=59"},"modified":"2025-06-18T12:38:27","modified_gmt":"2025-06-18T15:38:27","slug":"chapas","status":"publish","type":"page","link":"https:\/\/eleicoespsicologia.org.br\/crp16\/chapas\/","title":{"rendered":"Chapas"},"content":{"rendered":"\n<p>A chapa&nbsp;<em>\u201c<strong>Plurais: Frente em defesa das Psicologias, pelo compromisso com a \u00c9tica, a Ci\u00eancia e os Direitos Humanos\u201d&nbsp;<\/strong><\/em>foi a \u00fanica a se inscrever para participar do processo eleitoral.&nbsp;<\/p>\n\n\n\n<p><strong>Composi\u00e7\u00e3o<br><\/strong><em>Thiago Pereira Machado CRP-16\/3706 (encabe\u00e7ador da chapa)<\/em><br><em>Ana Claudia Gama Barreto CRP-16\/4553<\/em><br><em>Edireusa Fernandes Silva CRP-16\/3016<\/em><br><em>Marina Francisqueto Bernab\u00e9 CRP-16\/2791<\/em><br><em>Rodrigo dos Santos Scarabelli CRP-16\/1557<\/em><br><em>Diemerson da Costa Sacchetto CRP-16\/2673<\/em><br><em>Rafaela Kerckhoff Rolke Piantavinha CRP-16\/1650<\/em><br><em>J\u00falia Carvalho dos Santos CRP-16\/4810<\/em><br><em>Diana Nascimento Freire CRP-16\/4307<\/em><br><em>Felipe Rafael Kosloski CRP-16\/1111<\/em><br><em>St\u00e9fani Martins Pereira CRP-16\/2818<\/em><br><em>Jos\u00e9 Ant\u00f4nio Souto Siqueira CRP-16\/4079<\/em><br><em>Danthi Barbosa Lima CRP-16\/4887<\/em><br><em>Iasmyn Cerutti Rangel CRP-16\/3800<\/em><br><em>Danielly Abreu Xavier CRP-16\/533<\/em><br><em>Jean Fabr\u00edcio Sales Gomes CRP-16\/2765<\/em><br><em>B\u00e1rbara Vitor de Aquino e Souza CRP-16\/6615<\/em><br><em>Nayara Oliveira Francisco CRP-16\/6231<\/em><\/p>\n","protected":false},"excerpt":{"rendered":"<p>A chapa&nbsp;\u201cPlurais: Frente em defesa das Psicologias, pelo compromisso com a \u00c9tica, a Ci\u00eancia e os Direitos Humanos\u201d&nbsp;foi a \u00fanica a se inscrever para participar do processo eleitoral.&nbsp; Composi\u00e7\u00e3oThiago Pereira Machado CRP-16\/3706 (encabe\u00e7ador da chapa)Ana Claudia Gama Barreto CRP-16\/4553Edireusa Fernandes Silva CRP-16\/3016Marina Francisqueto Bernab\u00e9 CRP-16\/2791Rodrigo dos Santos Scarabelli CRP-16\/1557Diemerson da Costa Sacchetto CRP-16\/2673Rafaela Kerckhoff Rolke&#8230; <a class=\"moretag\" href=\"https:\/\/eleicoespsicologia.org.br\/crp16\/chapas\/\">Continue lendo <span class=\"screen-reader-text\">&#8220;Chapas&#8221;<\/span><\/a><\/p>\n","protected":false},"author":2,"featured_media":0,"parent":0,"menu_order":0,"comment_status":"closed","ping_status":"closed","template":"","meta":{"_acf_changed":false,"footnotes":""},"class_list":["post-59","page","type-page","status-publish","hentry"],"acf":[],"_links":{"self":[{"href":"https:\/\/eleicoespsicologia.org.br\/crp16\/wp-json\/wp\/v2\/pages\/59","targetHints":{"allow":["GET"]}}],"collection":[{"href":"https:\/\/eleicoespsicologia.org.br\/crp16\/wp-json\/wp\/v2\/pages"}],"about":[{"href":"https:\/\/eleicoespsicologia.org.br\/crp16\/wp-json\/wp\/v2\/types\/page"}],"author":[{"embeddable":true,"href":"https:\/\/eleicoespsicologia.org.br\/crp16\/wp-json\/wp\/v2\/users\/2"}],"replies":[{"embeddable":true,"href":"https:\/\/eleicoespsicologia.org.br\/crp16\/wp-json\/wp\/v2\/comments?post=59"}],"version-history":[{"count":2,"href":"https:\/\/eleicoespsicologia.org.br\/crp16\/wp-json\/wp\/v2\/pages\/59\/revisions"}],"predecessor-version":[{"id":144,"href":"https:\/\/eleicoespsicologia.org.br\/crp16\/wp-json\/wp\/v2\/pages\/59\/revisions\/144"}],"wp:attachment":[{"href":"https:\/\/eleicoespsicologia.org.br\/crp16\/wp-json\/wp\/v2\/media?parent=59"}],"curies":[{"name":"wp","href":"https:\/\/api.w.org\/{rel}","templated":true}]}}

<p>A chapa&nbsp;<em>“<strong>Plurais: Frente em defesa das Psicologias, pelo compromisso com a Ética, a Ciência e os Direitos Humanos”&nbsp;</strong></em>foi a única a se inscrever para participar do processo eleitoral.&nbsp;</p>



<p><strong>Composição<br></strong><em>Thiago Pereira Machado CRP-16/3706 (encabeçador da chapa)</em><br><em>Ana Claudia Gama Barreto CRP-16/4553</em><br><em>Edireusa Fernandes Silva CRP-16/3016</em><br><em>Marina Francisqueto Bernabé CRP-16/2791</em><br><em>Rodrigo dos Santos Scarabelli CRP-16/1557</em><br><em>Diemerson da Costa Sacchetto CRP-16/2673</em><br><em>Rafaela Kerckhoff Rolke Piantavinha CRP-16/1650</em><br><em>Júlia Carvalho dos Santos CRP-16/4810</em><br><em>Diana Nascimento Freire CRP-16/4307</em><br><em>Felipe Rafael Kosloski CRP-16/1111</em><br><em>Stéfani Martins Pereira CRP-16/2818</em><br><em>José Antônio Souto Siqueira CRP-16/4079</em><br><em>Danthi Barbosa Lima CRP-16/4887</em><br><em>Iasmyn Cerutti Rangel CRP-16/3800</em><br><em>Danielly Abreu Xavier CRP-16/533</em><br><em>Jean Fabrício Sales Gomes CRP-16/2765</em><br><em>Bárbara Vitor de Aquino e Souza CRP-16/6615</em><br><em>Nayara Oliveira Francisco CRP-16/6231</em></p>

<p>A chapa&nbsp;“Plurais: Frente em defesa das Psicologias, pelo compromisso com a Ética, a Ciência e os Direitos Humanos”&nbsp;foi a única a se inscrever para participar do processo eleitoral.&nbsp; ComposiçãoThiago Pereira Machado CRP-16/3706 (encabeçador da chapa)Ana Claudia Gama Barreto CRP-16/4553Edireusa Fernandes Silva CRP-16/3016Marina Francisqueto Bernabé CRP-16/2791Rodrigo dos Santos Scarabelli CRP-16/1557Diemerson da Costa Sacchetto CRP-16/2673Rafaela Kerckhoff Rolke&#8230; <a class="moretag" href="https://eleicoespsicologia.org.br/crp16/chapas/">Continue lendo <span class="screen-reader-text">&#8220;Chapas&#8221;</span></a></p>
