{"id":137,"date":"2025-03-13T11:19:33","date_gmt":"2025-03-13T14:19:33","guid":{"rendered":"https:\/\/eleicoespsicologia.org.br\/crp17\/?post_type=comissoes&#038;p=137"},"modified":"2025-03-13T11:19:33","modified_gmt":"2025-03-13T14:19:33","slug":"comissao-regional-eleitoral-cre-2025","status":"publish","type":"comissoes","link":"https:\/\/eleicoespsicologia.org.br\/crp17\/comissoes\/comissao-regional-eleitoral-cre-2025\/","title":{"rendered":"Comiss\u00e3o Regional Eleitoral \u2013 CRE"},"content":{"rendered":"\n<p>A Comiss\u00e3o Regional Eleitoral (CRE), composta por psic\u00f3logas n\u00e3o conselheiras regionais eleitas em Assembleia Geral Extraordin\u00e1ria, \u00e9 respons\u00e1vel pela execu\u00e7\u00e3o do processo eleitoral e pelo processamento de requerimentos das chapas concorrentes ao pleito em sua jurisdi\u00e7\u00e3o.<\/p>\n\n\n\n<div class=\"wp-block-columns is-layout-flex wp-container-core-columns-is-layout-9d6595d7 wp-block-columns-is-layout-flex\">\n<div class=\"wp-block-column is-layout-flow wp-block-column-is-layout-flow\">\n<p>Shirley Magn\u00f3lia Baumgartner C\u00e2mara de Oliveira CRP-17\/1886<br><strong>Presidente<\/strong><\/p>\n\n\n\n<p>Adriane Fernandes de Ara\u00fajo 17\/4045<br><strong>Titular<\/strong><\/p>\n\n\n\n<p>Zacarias Ramalho Silv\u00e9rio 17\/2427<br><strong>Titular<\/strong><\/p>\n<\/div>\n\n\n\n<div class=\"wp-block-column is-layout-flow wp-block-column-is-layout-flow\">\n<p>Hemerson Mateus Souza Costa 17\/6126<br><strong>Suplente<\/strong><\/p>\n\n\n\n<p>Nadiele Piedade Franca da Silva 17\/6737<br><strong>Suplente<\/strong><\/p>\n\n\n\n<p>Priscylla de Almeida 17\/4274<br><strong>Suplente<\/strong><\/p>\n<\/div>\n<\/div>\n\n\n\n<p>E-mail: <strong>comissaoeleitoral@crprn.org.br<\/strong><\/p>\n\n\n\n<p><\/p>\n","protected":false},"template":"","categories":[5],"class_list":["post-137","comissoes","type-comissoes","status-publish","hentry","category-eleicoes-2025"],"acf":[],"_links":{"self":[{"href":"https:\/\/eleicoespsicologia.org.br\/crp17\/wp-json\/wp\/v2\/comissoes\/137","targetHints":{"allow":["GET"]}}],"collection":[{"href":"https:\/\/eleicoespsicologia.org.br\/crp17\/wp-json\/wp\/v2\/comissoes"}],"about":[{"href":"https:\/\/eleicoespsicologia.org.br\/crp17\/wp-json\/wp\/v2\/types\/comissoes"}],"wp:attachment":[{"href":"https:\/\/eleicoespsicologia.org.br\/crp17\/wp-json\/wp\/v2\/media?parent=137"}],"wp:term":[{"taxonomy":"category","embeddable":true,"href":"https:\/\/eleicoespsicologia.org.br\/crp17\/wp-json\/wp\/v2\/categories?post=137"}],"curies":[{"name":"wp","href":"https:\/\/api.w.org\/{rel}","templated":true}]}}

Comissão Regional Eleitoral – CRE

<p>A Comissão Regional Eleitoral (CRE), composta por psicólogas não conselheiras regionais eleitas em Assembleia Geral Extraordinária, é responsável pela execução do processo eleitoral e pelo processamento de requerimentos das chapas concorrentes ao pleito em sua jurisdição.</p>



<div class="wp-block-columns is-layout-flex wp-container-core-columns-is-layout-9d6595d7 wp-block-columns-is-layout-flex">
<div class="wp-block-column is-layout-flow wp-block-column-is-layout-flow">
<p>Shirley Magnólia Baumgartner Câmara de Oliveira CRP-17/1886<br><strong>Presidente</strong></p>



<p>Adriane Fernandes de Araújo 17/4045<br><strong>Titular</strong></p>



<p>Zacarias Ramalho Silvério 17/2427<br><strong>Titular</strong></p>
</div>



<div class="wp-block-column is-layout-flow wp-block-column-is-layout-flow">
<p>Hemerson Mateus Souza Costa 17/6126<br><strong>Suplente</strong></p>



<p>Nadiele Piedade Franca da Silva 17/6737<br><strong>Suplente</strong></p>



<p>Priscylla de Almeida 17/4274<br><strong>Suplente</strong></p>
</div>
</div>



<p>E-mail: <strong>comissaoeleitoral@crprn.org.br</strong></p>



<p></p>
