{"id":59,"date":"2022-03-18T11:47:38","date_gmt":"2022-03-18T14:47:38","guid":{"rendered":"https:\/\/eleicoes.local\/crp08\/?page_id=59"},"modified":"2025-06-18T12:38:27","modified_gmt":"2025-06-18T15:38:27","slug":"chapas","status":"publish","type":"page","link":"https:\/\/eleicoespsicologia.org.br\/crp17\/chapas\/","title":{"rendered":"Chapas"},"content":{"rendered":"\n<p>A Comiss\u00e3o Regional Eleitoral (CRE) homologou, no dia 28 de abril de 2022, a \u00fanica chapa inscrita no Pleito Eleitoral 2022 do CRP 17\u00aa Regi\u00e3o\/RN.<\/p>\n\n\n\n<p>Ao todo, s\u00e3o 18 componentes: 9 efetivos e 9 suplentes.<\/p>\n\n\n\n<h2 class=\"wp-block-heading\">Chapa 11: Psicologia, Democracia e Diversidade: compromisso coletivo pela transforma\u00e7\u00e3o social<\/h2>\n\n\n\n<p>EFETIVOS:<br>Keyla Mafalda de Oliveira Amorim &#8211; Encabe\u00e7adora (CRP-17\/1707)<br>Ana Izabel Oliveira Lima (CRP-17\/2438)<br>Arthur Luiz de Oliveira dos Santos (CRP-17\/5076)<br>Carmem Pl\u00e1cida Sousa Cavalcante (CRP-17\/1651)<br>Cyndiane Mary Antero Cavalcanti (CRP-17\/2761)<br>Flavia Alves da Silva (CRP-17\/4967)<br>Francisco R\u00f4mulo Raulino Santos (CRP-17\/3125)<br>Jo\u00e3o Maria Morais da Costa (CRP-17\/3669)<br>Kaliano M\u00e1rcio de Queiroz Costa (CRP-17\/3556)<\/p>\n\n\n\n<p>SUPLENTES:<br>Kimberlly Lira de Carvalho (CRP-17\/3937)<br>Luan Martins de Souza &#8211; Psic\u00f3logo (CRP-17\/3740)<br>Luana Isabelle Cabral dos Santos (CRP-17\/2509)<br>Luana Reis Metta &#8211; Psic\u00f3loga (CRP-17\/3045)<br>Mar\u00edlia Maria de Jesus Queiroz (CRP-17\/5163)<br>Raquel de Sousa Montoril (CRP-17\/1785)<br>Ronald Lu\u00eds Fran\u00e7a Alves (CRP-17\/4061)<br>Tabita Aija Silva Moreira (CRP-17\/2065)<br>Uliana Fernandes de Oliveira (CRP-17\/0573)<\/p>\n","protected":false},"excerpt":{"rendered":"<p>A Comiss\u00e3o Regional Eleitoral (CRE) homologou, no dia 28 de abril de 2022, a \u00fanica chapa inscrita no Pleito Eleitoral 2022 do CRP 17\u00aa Regi\u00e3o\/RN. Ao todo, s\u00e3o 18 componentes: 9 efetivos e 9 suplentes. Chapa 11: Psicologia, Democracia e Diversidade: compromisso coletivo pela transforma\u00e7\u00e3o social EFETIVOS:Keyla Mafalda de Oliveira Amorim &#8211; Encabe\u00e7adora (CRP-17\/1707)Ana Izabel&#8230; <a class=\"moretag\" href=\"https:\/\/eleicoespsicologia.org.br\/crp17\/chapas\/\">Continue lendo <span class=\"screen-reader-text\">&#8220;Chapas&#8221;<\/span><\/a><\/p>\n","protected":false},"author":2,"featured_media":0,"parent":0,"menu_order":0,"comment_status":"closed","ping_status":"closed","template":"","meta":{"_acf_changed":false,"footnotes":""},"class_list":["post-59","page","type-page","status-publish","hentry"],"acf":[],"_links":{"self":[{"href":"https:\/\/eleicoespsicologia.org.br\/crp17\/wp-json\/wp\/v2\/pages\/59","targetHints":{"allow":["GET"]}}],"collection":[{"href":"https:\/\/eleicoespsicologia.org.br\/crp17\/wp-json\/wp\/v2\/pages"}],"about":[{"href":"https:\/\/eleicoespsicologia.org.br\/crp17\/wp-json\/wp\/v2\/types\/page"}],"author":[{"embeddable":true,"href":"https:\/\/eleicoespsicologia.org.br\/crp17\/wp-json\/wp\/v2\/users\/2"}],"replies":[{"embeddable":true,"href":"https:\/\/eleicoespsicologia.org.br\/crp17\/wp-json\/wp\/v2\/comments?post=59"}],"version-history":[{"count":2,"href":"https:\/\/eleicoespsicologia.org.br\/crp17\/wp-json\/wp\/v2\/pages\/59\/revisions"}],"predecessor-version":[{"id":122,"href":"https:\/\/eleicoespsicologia.org.br\/crp17\/wp-json\/wp\/v2\/pages\/59\/revisions\/122"}],"wp:attachment":[{"href":"https:\/\/eleicoespsicologia.org.br\/crp17\/wp-json\/wp\/v2\/media?parent=59"}],"curies":[{"name":"wp","href":"https:\/\/api.w.org\/{rel}","templated":true}]}}

<p>A Comissão Regional Eleitoral (CRE) homologou, no dia 28 de abril de 2022, a única chapa inscrita no Pleito Eleitoral 2022 do CRP 17ª Região/RN.</p>



<p>Ao todo, são 18 componentes: 9 efetivos e 9 suplentes.</p>



<h2 class="wp-block-heading">Chapa 11: Psicologia, Democracia e Diversidade: compromisso coletivo pela transformação social</h2>



<p>EFETIVOS:<br>Keyla Mafalda de Oliveira Amorim &#8211; Encabeçadora (CRP-17/1707)<br>Ana Izabel Oliveira Lima (CRP-17/2438)<br>Arthur Luiz de Oliveira dos Santos (CRP-17/5076)<br>Carmem Plácida Sousa Cavalcante (CRP-17/1651)<br>Cyndiane Mary Antero Cavalcanti (CRP-17/2761)<br>Flavia Alves da Silva (CRP-17/4967)<br>Francisco Rômulo Raulino Santos (CRP-17/3125)<br>João Maria Morais da Costa (CRP-17/3669)<br>Kaliano Márcio de Queiroz Costa (CRP-17/3556)</p>



<p>SUPLENTES:<br>Kimberlly Lira de Carvalho (CRP-17/3937)<br>Luan Martins de Souza &#8211; Psicólogo (CRP-17/3740)<br>Luana Isabelle Cabral dos Santos (CRP-17/2509)<br>Luana Reis Metta &#8211; Psicóloga (CRP-17/3045)<br>Marília Maria de Jesus Queiroz (CRP-17/5163)<br>Raquel de Sousa Montoril (CRP-17/1785)<br>Ronald Luís França Alves (CRP-17/4061)<br>Tabita Aija Silva Moreira (CRP-17/2065)<br>Uliana Fernandes de Oliveira (CRP-17/0573)</p>

<p>A Comissão Regional Eleitoral (CRE) homologou, no dia 28 de abril de 2022, a única chapa inscrita no Pleito Eleitoral 2022 do CRP 17ª Região/RN. Ao todo, são 18 componentes: 9 efetivos e 9 suplentes. Chapa 11: Psicologia, Democracia e Diversidade: compromisso coletivo pela transformação social EFETIVOS:Keyla Mafalda de Oliveira Amorim &#8211; Encabeçadora (CRP-17/1707)Ana Izabel&#8230; <a class="moretag" href="https://eleicoespsicologia.org.br/crp17/chapas/">Continue lendo <span class="screen-reader-text">&#8220;Chapas&#8221;</span></a></p>
