{"id":59,"date":"2022-03-18T11:47:38","date_gmt":"2022-03-18T14:47:38","guid":{"rendered":"https:\/\/eleicoes.local\/crp08\/?page_id=59"},"modified":"2025-06-18T12:38:28","modified_gmt":"2025-06-18T15:38:28","slug":"chapas","status":"publish","type":"page","link":"https:\/\/eleicoespsicologia.org.br\/crp24\/chapas\/","title":{"rendered":"Chapas"},"content":{"rendered":"\n<p>A Comiss\u00e3o Regional Eleitoral (CRE) homologou, no dia 12 de maio de 2022, a chapa <strong>&#8220;SOMOS&nbsp;TODOS&nbsp;CRP, NOSSA BANDEIRA \u00c9 A PSICOLOGIA&#8221; <\/strong>inscrita no pleito eleitoral 2022 do CRP-24. Ao todo, s\u00e3o 18 componentes: 9 efetivos e 9 suplentes. <\/p>\n\n\n\n<p>Houve ainda a Inscri\u00e7\u00e3o da Chapa <strong>&#8220;+ Psicologia para Cuidar da Profiss\u00e3o&#8221;<\/strong>, por\u00e9m a mesma teve sua inscri\u00e7\u00e3o excluida do processo eleitoral com fundamento no Art. 34, \u00a7 5\u00ba, \u00a76 da <a rel=\"noreferrer noopener\" href=\"https:\/\/atosoficiais.com.br\/cfp\/resolucao-administrativa-financeira-n-5-2021-aprova-o-regimento-eleitoral-para-escolha-de-conselheiros-federais-e-regionais-dos-conselhos-de-psicologia?origin=instituicao#undefined\" data-type=\"URL\" data-id=\"https:\/\/atosoficiais.com.br\/cfp\/resolucao-administrativa-financeira-n-5-2021-aprova-o-regimento-eleitoral-para-escolha-de-conselheiros-federais-e-regionais-dos-conselhos-de-psicologia?origin=instituicao#undefined\" target=\"_blank\">Resolu\u00e7\u00e3o n\u00b0 5\/2021<\/a> (Regimento Eleitoral).  <br><\/p>\n\n\n\n<p>\u200bSegue Abaixo Rela\u00e7\u00e3o Nominal da Chapa Homologada.<\/p>\n\n\n\n<p>Composi\u00e7\u00e3o da Chapa 12 <strong><strong>&#8220;SOMOS&nbsp;TODOS&nbsp;CRP, NOSSA BANDEIRA \u00c9 A PSICOLOGIA&#8221;<\/strong><\/strong>: <\/p>\n\n\n\n<div style=\"height:29px\" aria-hidden=\"true\" class=\"wp-block-spacer\"><\/div>\n\n\n\n<div class=\"wp-block-group is-nowrap is-layout-flex wp-container-core-group-is-layout-ad2f72ca wp-block-group-is-layout-flex\">\n<p><strong><mark class=\"has-inline-color has-luminous-vivid-orange-color\">Efetivas(os):<\/mark><\/strong><br>Cleibson Andr\u00e9 Nunes Torres <br>Elizete Gon\u00e7alves Da Silva <br>Milka Miranda Freire<br>Edna Monica Da Silva Wobeto<br>Maria Regina Azev\u00eado Dos Santos<br>Clivaldenha Marques De Souza<br>Rafael Gandara Cavalcanti<br>Ana Karla Da Silva Feitoza Santos<br>Cristiano De Almeida Fernandes<\/p>\n\n\n\n<hr class=\"wp-block-separator has-alpha-channel-opacity is-style-dots\" \/>\n\n\n\n<p><strong><mark class=\"has-inline-color has-luminous-vivid-orange-color\">Suplentes<\/mark><\/strong><br>Carla Ilara Almeida Vieira <br>Hudson Dos Santos Ribeiro<br>Samili Taiane De Almeida Araujo <br>Lorraine De Oliveira Braga Prado<br>\u00c9rica Helena Dos Santos<br>Leticia Damasco Silveira<br>Ademir Da Costa<br>Luana Patricia Castor Cunha<br>Maria Izabel Pereira Carneiro<\/p>\n<\/div>\n\n\n\n<div style=\"height:59px\" aria-hidden=\"true\" class=\"wp-block-spacer\"><\/div>\n\n\n\n<p><a href=\"https:\/\/transparencia.cfp.org.br\/crp24\/wp-content\/uploads\/sites\/30\/2022\/03\/PARECER-FINAL-CRE-24.pdf\">Parecer dos Pedidos de Inscri\u00e7\u00e3o<\/a><\/p>\n","protected":false},"excerpt":{"rendered":"<p>A Comiss\u00e3o Regional Eleitoral (CRE) homologou, no dia 12 de maio de 2022, a chapa &#8220;SOMOS&nbsp;TODOS&nbsp;CRP, NOSSA BANDEIRA \u00c9 A PSICOLOGIA&#8221; inscrita no pleito eleitoral 2022 do CRP-24. Ao todo, s\u00e3o 18 componentes: 9 efetivos e 9 suplentes. Houve ainda a Inscri\u00e7\u00e3o da Chapa &#8220;+ Psicologia para Cuidar da Profiss\u00e3o&#8221;, por\u00e9m a mesma teve sua&#8230; <a class=\"moretag\" href=\"https:\/\/eleicoespsicologia.org.br\/crp24\/chapas\/\">Continue lendo <span class=\"screen-reader-text\">&#8220;Chapas&#8221;<\/span><\/a><\/p>\n","protected":false},"author":2,"featured_media":0,"parent":0,"menu_order":0,"comment_status":"closed","ping_status":"closed","template":"","meta":{"_acf_changed":false,"footnotes":""},"class_list":["post-59","page","type-page","status-publish","hentry"],"acf":[],"_links":{"self":[{"href":"https:\/\/eleicoespsicologia.org.br\/crp24\/wp-json\/wp\/v2\/pages\/59","targetHints":{"allow":["GET"]}}],"collection":[{"href":"https:\/\/eleicoespsicologia.org.br\/crp24\/wp-json\/wp\/v2\/pages"}],"about":[{"href":"https:\/\/eleicoespsicologia.org.br\/crp24\/wp-json\/wp\/v2\/types\/page"}],"author":[{"embeddable":true,"href":"https:\/\/eleicoespsicologia.org.br\/crp24\/wp-json\/wp\/v2\/users\/2"}],"replies":[{"embeddable":true,"href":"https:\/\/eleicoespsicologia.org.br\/crp24\/wp-json\/wp\/v2\/comments?post=59"}],"version-history":[{"count":2,"href":"https:\/\/eleicoespsicologia.org.br\/crp24\/wp-json\/wp\/v2\/pages\/59\/revisions"}],"predecessor-version":[{"id":123,"href":"https:\/\/eleicoespsicologia.org.br\/crp24\/wp-json\/wp\/v2\/pages\/59\/revisions\/123"}],"wp:attachment":[{"href":"https:\/\/eleicoespsicologia.org.br\/crp24\/wp-json\/wp\/v2\/media?parent=59"}],"curies":[{"name":"wp","href":"https:\/\/api.w.org\/{rel}","templated":true}]}}